{"id":21,"date":"2011-08-01T19:22:13","date_gmt":"2011-08-01T19:22:13","guid":{"rendered":"http:\/\/gjmuenster.wordpress.com\/?page_id=21"},"modified":"2026-01-19T01:44:30","modified_gmt":"2026-01-19T01:44:30","slug":"vorstand","status":"publish","type":"page","link":"https:\/\/kaktus-muenster.de\/?page_id=21","title":{"rendered":"Vorstand"},"content":{"rendered":"\n<figure class=\"wp-block-image size-large is-style-rounded\"><img loading=\"lazy\" decoding=\"async\" width=\"768\" height=\"1024\" src=\"https:\/\/kaktus-muenster.de\/wp-content\/uploads\/2026\/01\/Vorstand_Kaktus-Gruene-Jugend-Muenster-2025-768x1024.jpeg\" alt=\"Von links nach rechts: Sonja, Lotta, Daniel, Ronja, Mateo, Pauline und Elisa\" class=\"wp-image-1819\" srcset=\"https:\/\/kaktus-muenster.de\/wp-content\/uploads\/2026\/01\/Vorstand_Kaktus-Gruene-Jugend-Muenster-2025-768x1024.jpeg 768w, https:\/\/kaktus-muenster.de\/wp-content\/uploads\/2026\/01\/Vorstand_Kaktus-Gruene-Jugend-Muenster-2025-225x300.jpeg 225w, https:\/\/kaktus-muenster.de\/wp-content\/uploads\/2026\/01\/Vorstand_Kaktus-Gruene-Jugend-Muenster-2025-1152x1536.jpeg 1152w, https:\/\/kaktus-muenster.de\/wp-content\/uploads\/2026\/01\/Vorstand_Kaktus-Gruene-Jugend-Muenster-2025-263x350.jpeg 263w, https:\/\/kaktus-muenster.de\/wp-content\/uploads\/2026\/01\/Vorstand_Kaktus-Gruene-Jugend-Muenster-2025-525x700.jpeg 525w, https:\/\/kaktus-muenster.de\/wp-content\/uploads\/2026\/01\/Vorstand_Kaktus-Gruene-Jugend-Muenster-2025.jpeg 1536w\" sizes=\"auto, (max-width: 768px) 100vw, 768px\" \/><figcaption class=\"wp-element-caption\">Unser Vorstand<\/figcaption><\/figure>\n\n\n<p style=\"text-align: justify;\"><span style=\"color: #000000;\">Der Kaktus hat einen Vorstand. Diesem geh\u00f6ren bis zu 7 Personen (zwei Sprecher*innen, ein*e Schatz\u00b7meister*in, ein*e Politische*r Gesch\u00e4fts\u00b7f\u00fchrer*in, drei Beisitzer*innen) an, die sich um organisatorische Dinge im Kaktus k\u00fcmmern (bspw. die Einladung zu den w\u00f6chtentlichen Aktiventreffen, die Kommunikation nach au\u00dfen und die Finanzen). S\u00e4mtliche inhaltlichen Fragen, finanzielle Entscheidungen ab einem gewissen Betrag sowie Entscheidungen \u00fcber Kooperationen mit anderen Organisationen m\u00fcssen jedoch auf einem unserer Aktiventreffen auch von der Basis beschlossen werden.<br \/><\/span><\/p>\n<p style=\"text-align: justify;\"><span style=\"color: #000000;\">Der Kaktus-Vorstand wird jedes Jahr auf der Jahresmitgliederversammlung gew\u00e4hlt. Bei der Besetzung ist darauf zu achten, dass mindestens vier Menschen Frauen, inter*, nichtbin\u00e4re, trans* oder agender Personen sind. <\/span><\/p>\n<p>Der gesch\u00e4ftsf\u00fchrende Vorstand bestehend aus Sprecher*innen, Schatzmeister*in und Politischer*m Gesch\u00e4ftsf\u00fchrer*in muss ebenfalls in sich quotiert sein.<\/p>\n<p style=\"text-align: justify;\"><span style=\"color: #000000;\">Unser aktueller Vorstand:<\/span><\/p>\n<p><strong>Sprecher*innen<\/strong>: Elisa und Daniel<\/p>\n<p><strong>Schatz\u00b7meister*in<\/strong>: Pauline<\/p>\n<p><strong>Politische*r Gesch\u00e4fts\u00b7f\u00fchrer*in<\/strong>: Mateo<\/p>\n<p><strong>Beisitzer*innen<\/strong>: Lotta, Ronja und Sonja<\/p>","protected":false},"excerpt":{"rendered":"<p>Der Kaktus hat einen Vorstand. Diesem geh\u00f6ren bis zu 7 Personen (zwei Sprecher*innen, ein*e Schatz\u00b7meister*in, ein*e Politische*r Gesch\u00e4fts\u00b7f\u00fchrer*in, drei Beisitzer*innen) an, die sich um organisatorische Dinge im Kaktus k\u00fcmmern (bspw. die Einladung zu den w\u00f6chtentlichen Aktiventreffen, die Kommunikation nach au\u00dfen und die Finanzen). S\u00e4mtliche inhaltlichen Fragen, finanzielle Entscheidungen ab einem gewissen Betrag sowie Entscheidungen \u00fcber [&hellip;]<\/p>\n","protected":false},"author":1,"featured_media":0,"parent":0,"menu_order":2,"comment_status":"open","ping_status":"closed","template":"","meta":{"footnotes":""},"class_list":["post-21","page","type-page","status-publish","hentry"],"_links":{"self":[{"href":"https:\/\/kaktus-muenster.de\/index.php?rest_route=\/wp\/v2\/pages\/21","targetHints":{"allow":["GET"]}}],"collection":[{"href":"https:\/\/kaktus-muenster.de\/index.php?rest_route=\/wp\/v2\/pages"}],"about":[{"href":"https:\/\/kaktus-muenster.de\/index.php?rest_route=\/wp\/v2\/types\/page"}],"author":[{"embeddable":true,"href":"https:\/\/kaktus-muenster.de\/index.php?rest_route=\/wp\/v2\/users\/1"}],"replies":[{"embeddable":true,"href":"https:\/\/kaktus-muenster.de\/index.php?rest_route=%2Fwp%2Fv2%2Fcomments&post=21"}],"version-history":[{"count":3,"href":"https:\/\/kaktus-muenster.de\/index.php?rest_route=\/wp\/v2\/pages\/21\/revisions"}],"predecessor-version":[{"id":1834,"href":"https:\/\/kaktus-muenster.de\/index.php?rest_route=\/wp\/v2\/pages\/21\/revisions\/1834"}],"wp:attachment":[{"href":"https:\/\/kaktus-muenster.de\/index.php?rest_route=%2Fwp%2Fv2%2Fmedia&parent=21"}],"curies":[{"name":"wp","href":"https:\/\/api.w.org\/{rel}","templated":true}]}}

<figure class="wp-block-image size-large is-style-rounded"><img loading="lazy" decoding="async" width="768" height="1024" src="https://kaktus-muenster.de/wp-content/uploads/2026/01/Vorstand_Kaktus-Gruene-Jugend-Muenster-2025-768x1024.jpeg" alt="Von links nach rechts: Sonja, Lotta, Daniel, Ronja, Mateo, Pauline und Elisa" class="wp-image-1819" srcset="https://kaktus-muenster.de/wp-content/uploads/2026/01/Vorstand_Kaktus-Gruene-Jugend-Muenster-2025-768x1024.jpeg 768w, https://kaktus-muenster.de/wp-content/uploads/2026/01/Vorstand_Kaktus-Gruene-Jugend-Muenster-2025-225x300.jpeg 225w, https://kaktus-muenster.de/wp-content/uploads/2026/01/Vorstand_Kaktus-Gruene-Jugend-Muenster-2025-1152x1536.jpeg 1152w, https://kaktus-muenster.de/wp-content/uploads/2026/01/Vorstand_Kaktus-Gruene-Jugend-Muenster-2025-263x350.jpeg 263w, https://kaktus-muenster.de/wp-content/uploads/2026/01/Vorstand_Kaktus-Gruene-Jugend-Muenster-2025-525x700.jpeg 525w, https://kaktus-muenster.de/wp-content/uploads/2026/01/Vorstand_Kaktus-Gruene-Jugend-Muenster-2025.jpeg 1536w" sizes="auto, (max-width: 768px) 100vw, 768px" /><figcaption class="wp-element-caption">Unser Vorstand</figcaption></figure>


<p style="text-align: justify;"><span style="color: #000000;">Der Kaktus hat einen Vorstand. Diesem gehören bis zu 7 Personen (zwei Sprecher*innen, ein*e Schatz·meister*in, ein*e Politische*r Geschäfts·führer*in, drei Beisitzer*innen) an, die sich um organisatorische Dinge im Kaktus kümmern (bspw. die Einladung zu den wöchtentlichen Aktiventreffen, die Kommunikation nach außen und die Finanzen). Sämtliche inhaltlichen Fragen, finanzielle Entscheidungen ab einem gewissen Betrag sowie Entscheidungen über Kooperationen mit anderen Organisationen müssen jedoch auf einem unserer Aktiventreffen auch von der Basis beschlossen werden.<br /></span></p>
<p style="text-align: justify;"><span style="color: #000000;">Der Kaktus-Vorstand wird jedes Jahr auf der Jahresmitgliederversammlung gewählt. Bei der Besetzung ist darauf zu achten, dass mindestens vier Menschen Frauen, inter*, nichtbinäre, trans* oder agender Personen sind. </span></p>
<p>Der geschäftsführende Vorstand bestehend aus Sprecher*innen, Schatzmeister*in und Politischer*m Geschäftsführer*in muss ebenfalls in sich quotiert sein.</p>
<p style="text-align: justify;"><span style="color: #000000;">Unser aktueller Vorstand:</span></p>
<p><strong>Sprecher*innen</strong>: Elisa und Daniel</p>
<p><strong>Schatz·meister*in</strong>: Pauline</p>
<p><strong>Politische*r Geschäfts·führer*in</strong>: Mateo</p>
<p><strong>Beisitzer*innen</strong>: Lotta, Ronja und Sonja</p>

<p>Der Kaktus hat einen Vorstand. Diesem gehören bis zu 7 Personen (zwei Sprecher*innen, ein*e Schatz·meister*in, ein*e Politische*r Geschäfts·führer*in, drei Beisitzer*innen) an, die sich um organisatorische Dinge im Kaktus kümmern (bspw. die Einladung zu den wöchtentlichen Aktiventreffen, die Kommunikation nach außen und die Finanzen). Sämtliche inhaltlichen Fragen, finanzielle Entscheidungen ab einem gewissen Betrag sowie Entscheidungen über [&hellip;]</p>
